{"id":225,"date":"2026-02-13T10:55:20","date_gmt":"2026-02-13T10:55:20","guid":{"rendered":"https:\/\/www.royaltex.com.es\/?page_id=225"},"modified":"2026-03-13T11:43:10","modified_gmt":"2026-03-13T11:43:10","slug":"curso-decoracion","status":"publish","type":"page","link":"https:\/\/www.royaltex.com.es\/index.php\/curso-decoracion\/","title":{"rendered":"CURSO DECORACI\u00d3N"},"content":{"rendered":"\t\t<div data-elementor-type=\"wp-page\" data-elementor-id=\"225\" class=\"elementor elementor-225\">\n\t\t\t\t<div class=\"elementor-element elementor-element-32481dea e-flex e-con-boxed e-con e-parent\" data-id=\"32481dea\" data-element_type=\"container\">\n\t\t\t\t\t<div class=\"e-con-inner\">\n\t\t\t\t<div class=\"elementor-element elementor-element-448c73a6 elementor-widget elementor-widget-text-editor\" data-id=\"448c73a6\" data-element_type=\"widget\" data-widget_type=\"text-editor.default\">\n\t\t\t\t\t\t\t\t\t\t\t\t\t\t\t\t\t<\/div>\n\t\t\t\t\t<\/div>\n\t\t\t\t<\/div>\n\t\t<div class=\"elementor-element elementor-element-646198f e-flex e-con-boxed e-con e-parent\" data-id=\"646198f\" data-element_type=\"container\">\n\t\t\t\t\t<div class=\"e-con-inner\">\n\t\t\t\t<div class=\"elementor-element elementor-element-e5b5174 elementor-widget elementor-widget-heading\" data-id=\"e5b5174\" data-element_type=\"widget\" data-widget_type=\"heading.default\">\n\t\t\t\t\t<h1 class=\"elementor-heading-title elementor-size-default\">\ud83c\udf88 Domina el Arte de la Decoraci\u00f3n con Globos<\/h1>\t\t\t\t<\/div>\n\t\t\t\t<div class=\"elementor-element elementor-element-0c0010a elementor-widget elementor-widget-text-editor\" data-id=\"0c0010a\" data-element_type=\"widget\" data-widget_type=\"text-editor.default\">\n\t\t\t\t\t\t\t\t\t<h2 style=\"text-align: center;\">Primer Curso Presencial de Royaltex en Madrid<\/h2>\n<p style=\"text-align: center;\">Transforma tu creatividad en decoraciones espectaculares. De principiante a profesional en un solo d\u00eda.<\/p>\t\t\t\t\t\t\t\t<\/div>\n\t\t<div class=\"elementor-element elementor-element-f1b2bbb e-con-full e-flex e-con e-child\" data-id=\"f1b2bbb\" data-element_type=\"container\">\n\t\t\t\t<div class=\"elementor-element elementor-element-76251ba elementor-widget elementor-widget-text-editor\" data-id=\"76251ba\" data-element_type=\"widget\" data-widget_type=\"text-editor.default\">\n\t\t\t\t\t\t\t\t\t<p>\u2728 \u00bfAlguna vez has so\u00f1ado con crear esas guirnaldas que detienen el scroll en Instagram?<br \/>Ya sea que quieras empezar un nuevo negocio o perfeccionar tu t\u00e9cnica con el l\u00e1tex, este curso est\u00e1 dise\u00f1ado para que salgas creando desde el minuto uno. <strong>No necesitas experiencia previa<\/strong>, solo ganas de inflar tu imaginaci\u00f3n.<br \/>\ud83d\udccd Coordenadas del Evento<br \/>\u2022 Ciudad: <strong>Madrid. Hotel Node Madrid Carabanchel<\/strong><br \/>\u2022 Fecha:<strong> 18 de abril<\/strong><br \/>\u2022 Nivel:\u00a0<strong>principiante premium<\/strong>. Aprende desde cero<\/p>\t\t\t\t\t\t\t\t<\/div>\n\t\t\t\t<\/div>\n\t\t<div class=\"elementor-element elementor-element-97d90e1 e-con-full e-flex e-con e-child\" data-id=\"97d90e1\" data-element_type=\"container\">\n\t\t\t\t<div class=\"elementor-element elementor-element-c450a8a elementor-widget elementor-widget-text-editor\" data-id=\"c450a8a\" data-element_type=\"widget\" data-widget_type=\"text-editor.default\">\n\t\t\t\t\t\t\t\t\t<h3>\ud83d\ude80 Lo que vas a aprender (y vivir)<\/h3>\n<p>En Royaltex no queremos darte solo teor\u00eda; queremos que tus manos aprendan el oficio.<br>\u2022 <strong>T\u00e9cnica Pura<\/strong>: Guirnaldas org\u00e1nicas, columnas y paredes de globos link.<br>\u2022 <strong>Trucos de Profesional<\/strong>: Compartimos los secretos del sector que no se encuentran en tutoriales.<br>\u2022 <strong>Pr\u00e1ctica Real<\/strong>: Te rodeamos de materiales de alta calidad para que ensayes cada nudo y estructura.<br><span style=\"font-size: 25px; background-color: rgb(255, 255, 255);\">\u2022 <b>Impartido por Lua Mart\u00edn (@donglobito).<\/b><\/span><\/p><p><span style=\"font-size: 25px; background-color: rgb(255, 255, 255);\"><b><br><\/b><\/span><\/p>\n<h3>\ud83c\udf81 \u00bfQu\u00e9 incluye tu plaza?<\/h3>\n<p>Para que t\u00fa solo te preocupes de aprender, nosotros nos encargamos del resto:<br>1. <strong>Kit de Inicio Personalizado<\/strong>: Herramientas y materiales para que sigas creando en casa.<br>2. <strong>Almuerzo Networking<\/strong>: Una pausa deliciosa para recargar energ\u00edas y compartir experiencias.<br>3. <strong>Experiencia Royaltex<\/strong>: M\u00fasica, risas y un ambiente dise\u00f1ado para inspirarte.<\/p>\t\t\t\t\t\t\t\t<\/div>\n\t\t\t\t<\/div>\n\t\t<div class=\"elementor-element elementor-element-fc117c3 e-con-full e-flex e-con e-child\" data-id=\"fc117c3\" data-element_type=\"container\">\n\t\t\t\t<div class=\"elementor-element elementor-element-f08de2e elementor-widget elementor-widget-text-editor\" data-id=\"f08de2e\" data-element_type=\"widget\" data-widget_type=\"text-editor.default\">\n\t\t\t\t\t\t\t\t\t<h3>\u26a0\ufe0f \u00a1Plazas Limitadas!<\/h3>\n<p><br \/>Queremos garantizar una formaci\u00f3n personalizada, por lo que los grupos son reducidos. Las plazas van a volar.<\/p>\n<p data-path-to-node=\"18\">Aprovecha nuestra promoci\u00f3n por pareja y l\u00e1nzate a emprender:<\/p>\n<table data-path-to-node=\"19\">\n<thead>\n<tr>\n<td><strong>Opci\u00f3n<\/strong><\/td>\n<td><strong>Precio por persona<\/strong><\/td>\n<\/tr>\n<\/thead>\n<tbody>\n<tr>\n<td><span data-path-to-node=\"19,1,0,0\"><b data-path-to-node=\"19,1,0,0\" data-index-in-node=\"0\">Inscripci\u00f3n Individual<\/b><\/span><\/td>\n<td><span data-path-to-node=\"19,1,1,0\"><b data-path-to-node=\"19,1,1,0\" data-index-in-node=\"0\">200\u20ac<\/b><\/span><\/td>\n<\/tr>\n<tr>\n<td><span data-path-to-node=\"19,2,0,0\"><b data-path-to-node=\"19,2,0,0\" data-index-in-node=\"0\">Promoci\u00f3n \u00abTrae a un amigo\/a\u00bb<\/b><\/span><\/td>\n<td><span data-path-to-node=\"19,2,1,0\"><b data-path-to-node=\"19,2,1,0\" data-index-in-node=\"0\">150\u20ac<\/b> (300\u20ac total)<\/span><\/td>\n<\/tr>\n<\/tbody>\n<\/table>\n<p><br \/>\u00abSi quieres dar el salto, inspirarte y rodearte de gente que vibra con la misma pasi\u00f3n que t\u00fa&#8230; este es tu sitio.\u00bb<\/p>\t\t\t\t\t\t\t\t<\/div>\n\t\t\t\t<\/div>\n\t\t\t\t<div class=\"elementor-element elementor-element-21fef8a elementor-widget-divider--view-line elementor-widget elementor-widget-divider\" data-id=\"21fef8a\" data-element_type=\"widget\" data-widget_type=\"divider.default\">\n\t\t\t\t\t\t\t<div class=\"elementor-divider\">\n\t\t\t<span class=\"elementor-divider-separator\">\n\t\t\t\t\t\t<\/span>\n\t\t<\/div>\n\t\t\t\t\t\t<\/div>\n\t\t<div class=\"elementor-element elementor-element-432e40c e-con-full e-flex e-con e-child\" data-id=\"432e40c\" data-element_type=\"container\">\n\t\t\t\t<div class=\"elementor-element elementor-element-1b4503c elementor-widget elementor-widget-heading\" data-id=\"1b4503c\" data-element_type=\"widget\" data-widget_type=\"heading.default\">\n\t\t\t\t\t<h2 class=\"elementor-heading-title elementor-size-default\">\ud83d\udce9 Reserva tu plaza \/ Solicita informaci\u00f3n<\/h2>\t\t\t\t<\/div>\n\t\t\t\t<\/div>\n\t\t\t\t<div class=\"elementor-element elementor-element-edec721 elementor-widget elementor-widget-shortcode\" data-id=\"edec721\" data-element_type=\"widget\" data-widget_type=\"shortcode.default\">\n\t\t\t\t\t\t\t<div class=\"elementor-shortcode\"><div class=\"forminator-ui forminator-custom-form forminator-custom-form-258 forminator-design--default  forminator_ajax\" data-forminator-render=\"0\" data-form=\"forminator-module-258\" data-uid=\"6a0496831d3c7\"><br\/><\/div><form\n\t\t\t\tid=\"forminator-module-258\"\n\t\t\t\tclass=\"forminator-ui forminator-custom-form forminator-custom-form-258 forminator-design--default  forminator_ajax\"\n\t\t\t\tmethod=\"post\"\n\t\t\t\tdata-forminator-render=\"0\"\n\t\t\t\tdata-form-id=\"258\"\n\t\t\t\t data-color-option=\"theme\" data-design=\"default\" data-grid=\"open\" style=\"display: none;\"\n\t\t\t\tdata-uid=\"6a0496831d3c7\"\n\t\t\t><div role=\"alert\" aria-live=\"polite\" class=\"forminator-response-message forminator-error\" aria-hidden=\"true\"><\/div><div class=\"forminator-row\"><div id=\"name-1\" class=\"forminator-field-name forminator-col forminator-col-12 \"><div class=\"forminator-field\"><label for=\"forminator-field-name-1_6a0496831d3c7\" id=\"forminator-field-name-1_6a0496831d3c7-label\" class=\"forminator-label\">Nombre <span class=\"forminator-required\">*<\/span><\/label><input type=\"text\" name=\"name-1\" value=\"\" placeholder=\"\" id=\"forminator-field-name-1_6a0496831d3c7\" class=\"forminator-input forminator-name--field\" aria-required=\"true\" autocomplete=\"name\" \/><\/div><\/div><\/div><div class=\"forminator-row\"><div id=\"email-1\" class=\"forminator-field-email forminator-col forminator-col-12 \"><div class=\"forminator-field\"><label for=\"forminator-field-email-1_6a0496831d3c7\" id=\"forminator-field-email-1_6a0496831d3c7-label\" class=\"forminator-label\">Direcci\u00f3n de correo electr\u00f3nico <span class=\"forminator-required\">*<\/span><\/label><input type=\"email\" name=\"email-1\" value=\"\" placeholder=\"\" id=\"forminator-field-email-1_6a0496831d3c7\" class=\"forminator-input forminator-email--field\" data-required=\"true\" aria-required=\"true\" autocomplete=\"email\" \/><\/div><\/div><\/div><div class=\"forminator-row\"><div id=\"phone-1\" class=\"forminator-field-phone forminator-col forminator-col-12 \"><div class=\"forminator-field\"><label for=\"forminator-field-phone-1_6a0496831d3c7\" id=\"forminator-field-phone-1_6a0496831d3c7-label\" class=\"forminator-label\">N\u00famero de tel\u00e9fono <span class=\"forminator-required\">*<\/span><\/label><input type=\"text\" name=\"phone-1\" value=\"\" placeholder=\"\" id=\"forminator-field-phone-1_6a0496831d3c7\" class=\"forminator-input forminator-field--phone\" data-required=\"1\" aria-required=\"true\" autocomplete=\"off\" \/><\/div><\/div><\/div><div class=\"forminator-row\"><div id=\"textarea-1\" class=\"forminator-field-textarea forminator-col forminator-col-12 \"><div class=\"forminator-field\"><label for=\"forminator-field-textarea-1_6a0496831d3c7\" id=\"forminator-field-textarea-1_6a0496831d3c7-label\" class=\"forminator-label\">Mensaje<\/label><span id=\"forminator-field-textarea-1_6a0496831d3c7-description\" class=\"forminator-description\"><span data-limit=\"180\" data-type=\"characters\" data-editor=\"\">0 \/ 180<\/span><\/span><textarea name=\"textarea-1\" placeholder=\"\" id=\"forminator-field-textarea-1_6a0496831d3c7\" class=\"forminator-textarea\" rows=\"6\" style=\"min-height:140px;\" maxlength=\"180\" ><\/textarea><\/div><\/div><\/div><div class=\"forminator-row\"><div id=\"consent-1\" class=\"forminator-field-consent forminator-col forminator-col-12 \"><div class=\"forminator-field\"><label for=\"forminator-field-consent-1_6a0496831d3c7\" id=\"forminator-field-consent-1_6a0496831d3c7-label\" class=\"forminator-label\">Acepto la pol\u00edtica de privacidad <span class=\"forminator-required\">*<\/span><\/label><div class=\"forminator-checkbox__wrapper\"><label id=\"forminator-field-consent-1_6a0496831d3c7__label\" class=\"forminator-checkbox forminator-consent\" aria-labelledby=\"forminator-field-consent-1_6a0496831d3c7-label\"><input type=\"checkbox\" name=\"consent-1\" id=\"forminator-field-consent-1_6a0496831d3c7\" value=\"checked\" aria-labelledby=\"forminator-field-consent-1_6a0496831d3c7-label\" aria-describedby=\"forminator-field-consent-1_6a0496831d3c7__description\" data-required=\"true\" aria-required=\"true\" \/><span class=\"forminator-checkbox-box\" aria-hidden=\"true\"><\/span><\/label><div id=\"forminator-field-consent-1_6a0496831d3c7__description\" class=\"forminator-checkbox__label forminator-consent__label\"><p data-path-to-node=\"3\"><b data-index-in-node=\"0\" data-path-to-node=\"3\">Informaci\u00f3n b\u00e1sica sobre protecci\u00f3n de datos:<\/b><\/p>\n<ul data-path-to-node=\"4\">\n<li>\n<p data-path-to-node=\"4,0,0\"><b data-index-in-node=\"0\" data-path-to-node=\"4,0,0\">Responsable:<\/b> The Royaltex Balloon Company, s.l.<\/p>\n<\/li>\n<li>\n<p data-path-to-node=\"4,1,0\"><b data-index-in-node=\"0\" data-path-to-node=\"4,1,0\">Finalidad:<\/b> Gestionar tu inscripci\u00f3n y enviarte informaci\u00f3n relacionada con el curso de decoraci\u00f3n con globos.<\/p>\n<\/li>\n<li>\n<p data-path-to-node=\"4,2,0\"><b data-index-in-node=\"0\" data-path-to-node=\"4,2,0\">Legitimaci\u00f3n:<\/b> Tu consentimiento al marcar la casilla.<\/p>\n<\/li>\n<li>\n<p data-path-to-node=\"4,3,0\"><b data-index-in-node=\"0\" data-path-to-node=\"4,3,0\">Destinatarios:<\/b> No se ceder\u00e1n datos a terceros, salvo obligaci\u00f3n legal.<\/p>\n<\/li>\n<li>\n<p data-path-to-node=\"4,4,0\"><b data-index-in-node=\"0\" data-path-to-node=\"4,4,0\">Derechos:<\/b> Puedes acceder, rectificar y suprimir tus datos en cualquier momento enviando un email a [design@persan.com].<\/p>\n<\/li>\n<\/ul><\/div><\/div><\/div><\/div><\/div><input type=\"hidden\" name=\"referer_url\" value=\"\" \/><div class=\"forminator-row forminator-row-last\"><div class=\"forminator-col\"><div class=\"forminator-field\"><button class=\"forminator-button forminator-button-submit\">Enviar<\/button><\/div><\/div><\/div><input type=\"hidden\" id=\"forminator_nonce\" name=\"forminator_nonce\" value=\"f51d617a60\" \/><input type=\"hidden\" name=\"_wp_http_referer\" value=\"\/index.php\/wp-json\/wp\/v2\/pages\/225\" \/><input type=\"hidden\" name=\"form_id\" value=\"258\"><input type=\"hidden\" name=\"page_id\" value=\"225\"><input type=\"hidden\" name=\"form_type\" value=\"default\"><input type=\"hidden\" name=\"current_url\" value=\"https:\/\/www.royaltex.com.es\/index.php\/curso-decoracion\/\"><input type=\"hidden\" name=\"render_id\" value=\"0\"><input type=\"hidden\" name=\"action\" value=\"forminator_submit_form_custom-forms\"><\/form><\/div>\n\t\t\t\t\t\t<\/div>\n\t\t\t\t\t<\/div>\n\t\t\t\t<\/div>\n\t\t\t\t<\/div>\n\t\t","protected":false},"excerpt":{"rendered":"<p>\ud83c\udf88 Domina el Arte de la Decoraci\u00f3n con Globos Primer Curso Presencial de Royaltex en Madrid Transforma tu creatividad en decoraciones espectaculares. De principiante a profesional en un solo d\u00eda.\u2728 \u00bfAlguna vez has so\u00f1ado con crear esas guirnaldas que detienen el scroll en Instagram?Ya sea que quieras empezar un nuevo negocio o perfeccionar tu t\u00e9cnica [&hellip;]<\/p>\n","protected":false},"author":1,"featured_media":0,"parent":0,"menu_order":0,"comment_status":"closed","ping_status":"closed","template":"","meta":{"_et_pb_use_builder":"on","_et_pb_old_content":"","_et_gb_content_width":"","footnotes":""},"class_list":["post-225","page","type-page","status-publish","hentry"],"_links":{"self":[{"href":"https:\/\/www.royaltex.com.es\/index.php\/wp-json\/wp\/v2\/pages\/225","targetHints":{"allow":["GET"]}}],"collection":[{"href":"https:\/\/www.royaltex.com.es\/index.php\/wp-json\/wp\/v2\/pages"}],"about":[{"href":"https:\/\/www.royaltex.com.es\/index.php\/wp-json\/wp\/v2\/types\/page"}],"author":[{"embeddable":true,"href":"https:\/\/www.royaltex.com.es\/index.php\/wp-json\/wp\/v2\/users\/1"}],"replies":[{"embeddable":true,"href":"https:\/\/www.royaltex.com.es\/index.php\/wp-json\/wp\/v2\/comments?post=225"}],"version-history":[{"count":46,"href":"https:\/\/www.royaltex.com.es\/index.php\/wp-json\/wp\/v2\/pages\/225\/revisions"}],"predecessor-version":[{"id":317,"href":"https:\/\/www.royaltex.com.es\/index.php\/wp-json\/wp\/v2\/pages\/225\/revisions\/317"}],"wp:attachment":[{"href":"https:\/\/www.royaltex.com.es\/index.php\/wp-json\/wp\/v2\/media?parent=225"}],"curies":[{"name":"wp","href":"https:\/\/api.w.org\/{rel}","templated":true}]}}